= 0. Suppose 5*a - 2 = 18. Suppose r - a*t = 138 - 23, -t = 4. What is the greatest common factor of r and p?
11
Let g be (-4)/22 + (-632)/(-88). Let z be 2/g - (-168)/98. What is the greatest common factor of 3 and z?
1
Suppose 0 = 5*a - 29 - 21. What is the highest common divisor of 110 and a?
10
Suppose -67 = -b - 3. Suppose -4*i + b - 16 = 0. What is the greatest common divisor of i and 4?
4
Let p = 3 + 13. Let r be (-2 - 28/(-6))*3. Calculate the greatest common factor of r and p.
8
Let h(c) = 3*c + 2*c**2 + 0*c - c**2 + 2. Let i be h(-3). What is the highest common divisor of 6 and i?
2
Suppose 2 = 5*v - o - 14, 3*v - 6 = -3*o. Let b be 56 - (1 + 2 + 0). Suppose 5*d - v*m = b, m + 7 = -d + 6*m. What is the highest common divisor of 91 and d?
13
Let d be 32/20*(-5)/(-2). Let o be ((-12)/(-8))/(2/d). What is the highest common divisor of o and 3?
3
Let b be (-36 - (-5 - -1))*-1. What is the highest common divisor of 48 and b?
16
Let s(p) = 14*p - 1. Let m be s(1). Let d = -244 + 114. Let a be d/3*6/(-5). What is the greatest common divisor of m and a?
13
Suppose 8*j = 4*j + 3*i + 29, 2*j - 4*i - 12 = 0. Calculate the highest common divisor of j and 32.
8
Suppose d + 2 + 1 = 0. Let y be d/(-2)*(-2)/(-3). Calculate the highest common factor of y and 6.
1
Let v be 21/35 - (-3)/(-5). Suppose -3*w + t = -60, 3*w - w - t - 39 = v. Calculate the highest common factor of w and 189.
21
Suppose -5*w + 4 = 5*u - 26, -4*u - 39 = -3*w. What is the highest common factor of w and 63?
9
Let i be (-6)/(-3 - (-9)/4). Let z = 13 - i. What is the greatest common divisor of z and 5?
5
Suppose -336 = -3*f + 42. Suppose 0 = 4*i - 113 + 41. Calculate the highest common factor of f and i.
18
Suppose 4*c = 6 + 2. Let z be 74/3 - c/(-6). What is the greatest common divisor of z and 10?
5
Suppose 0 = -2*d + 5*u + 61 + 13, -5*d = -5*u - 200. Calculate the greatest common divisor of d and 21.
21
Let g = -31 - -56. Let v(x) = -2*x - 7. Let t be v(-6). Calculate the highest common divisor of g and t.
5
Let n = 87 + 210. What is the highest common divisor of 27 and n?
27
Let t(r) = -r**2 - 4*r - 2. Let b be t(-3). Let s(i) = i - 9. Let w be s(12). What is the highest common factor of b and w?
1
Let r = -255 - -385. Let f be 74/6 + (-4)/(-6). Calculate the greatest common divisor of r and f.
13
Suppose -6*w = -8*w + 522. What is the highest common factor of w and 29?
29
Let v(n) = -9*n - 64. Let h be v(-8). What is the highest common divisor of 64 and h?
8
Suppose -4*h = -2*h + 152. Let g = -46 - h. Calculate the highest common divisor of g and 12.
6
Let s = 24 + -18. What is the highest common factor of s and 3?
3
Let c = 9 - 0. Suppose 5*o + 3*g = 318, 5*g + 11 = -c. What is the highest common factor of o and 44?
22
Let y = 58 + -18. What is the greatest common factor of 10 and y?
10
Let k(l) = 58*l**2 + 1. Let a be k(-1). Let v = a - 40. Calculate the greatest common divisor of v and 38.
19
Let w = -22 + 61. Suppose 2*a + 4*a = 78. Calculate the highest common divisor of a and w.
13
Let x be 5/2*(-48)/(-30). Let j(z) = -z**3 + 6*z**2 - 4*z - 5. Let m be j(x). What is the greatest common factor of 77 and m?
11
Suppose 0*r = 3*r + 6. Let v be 15/(0 + r/(-10)). What is the greatest common factor of v and 30?
15
Let s = 149 + -75. What is the highest common factor of s and 111?
37
Let q be 1/(-4) - (-435)/12. Calculate the highest common factor of q and 54.
18
Suppose -t - 5 + 23 = 0. What is the highest common factor of 162 and t?
18
Let s = 11 - 2. Calculate the greatest common factor of 3 and s.
3
Suppose -8*w = -11*w + 27. Calculate the highest common divisor of w and 18.
9
Let x = -6 + -1. Let r(i) = -2*i + 4. Let o be r(-5). Let m be (2 + (-52)/o)*x. What is the greatest common factor of 3 and m?
3
Suppose -2*f - 2*r = -62, 4*f - 2*r = 2*r + 84. Suppose k - 13 = -l - 3*l, 3*l - f = -2*k. What is the highest common factor of k and 13?
13
Let l be 87 + -3 - (2 - 3). Let o be (33 + (0 - -1))*1. Calculate the highest common factor of o and l.
17
Let f = -6 - -2. Let r = 5 + f. Let s be 2*(1/2)/r. Calculate the greatest common divisor of s and 2.
1
Let n = 1 - -3. Let c(x) = -n*x + 2*x - 2 + 3*x + 2*x**2. Let o be c(-2). Calculate the greatest common factor of o and 2.
2
Let d(j) = -2*j - 8. Let a be d(-6). Suppose a*q + 1 = 21. What is the greatest common factor of 25 and q?
5
Let n be -7*(-3 + -2 - 4). Let t = -37 + n. Calculate the greatest common factor of t and 104.
26
Let l = -82 + 145. Calculate the highest common divisor of 7 and l.
7
Suppose 5*z + 0*z - 255 = 0. What is the highest common factor of z and 17?
17
Let a = 33 - 22. Calculate the highest common factor of a and 55.
11
Suppose -3*j - j - 53 = -3*t, -2*t - 3*j = -24. What is the highest common factor of 75 and t?
15
Let x(q) = q**2 + 17*q + 21. Let a be x(-16). Suppose 2*r = d + 3*d - 38, -a*d + 44 = r. What is the greatest common factor of d and 81?
9
Suppose -2*s = -8 - 4. Let x(n) = 3*n**2 + n + 3. Let w be x(s). What is the greatest common factor of w and 13?
13
Let g(m) = -m**3 + 9*m**2 - 8*m - 10. Let b be g(7). Let f(w) = w**2 + 7*w. Let x be f(-8). What is the highest common factor of x and b?
8
Suppose -3*u + 9 = -6. Suppose -147 = -5*j + 78. What is the highest common divisor of j and u?
5
Let p = 127 - 13. What is the highest common divisor of 38 and p?
38
Let w be (4/6)/(2/24). Let x be 1/(-4) - (-97)/4. Calculate the highest common factor of w and x.
8
Suppose 144 = 12*a - 144. Calculate the highest common factor of 3 and a.
3
Let j = 12 + -4. What is the greatest common factor of 24 and j?
8
Suppose -3*p - 1 + 4 = 0. What is the highest common factor of 8 and p?
1
Let c = 10 - 24. Let i = -9 - c. Calculate the greatest common factor of i and 1.
1
Let t = -1 - -5. Suppose -s - 93 = -4. Let r = 133 + s. What is the greatest common divisor of t and r?
4
Let i = -34 - -59. Let x = 5 - -5. What is the greatest common factor of i and x?
5
Let p(q) = q**2 + 3*q + 4. Let c be p(-3). Suppose -2*v + 0*v = -c. Suppose -6*y = -2*y - 8. Calculate the highest common divisor of y and v.
2
Let p be ((-5)/(-10))/(2/24). Let r = -7 + 9. Calculate the greatest common factor of r and p.
2
Let r(b) = -b**3 - 23*b**2 - 24*b - 28. Let a be r(-22). What is the greatest common divisor of a and 80?
16
Suppose -34*f + 39*f = 80. Let b = -93 + 133. What is the greatest common factor of b and f?
8
Let t = -5 + 9. Suppose t = 4*a, 3*z - a - 8 + 3 = 0. Suppose -z*q = -47 - 23. Calculate the greatest common divisor of 5 and q.
5
Let f(k) = -255*k + 16. Let u be f(-3). Calculate the highest common divisor of 71 and u.
71
Suppose -3*c + 11 + 22 = 0. Let v be ((-6)/(-3))/(4/22). Calculate the greatest common factor of v and c.
11
Let x(r) = 2*r**2 - 12*r - 36. Let q be x(-5). What is the highest common factor of q and 185?
37
Suppose -4*x + 16 + 20 = 3*p, 0 = -2*p + x + 35. What is the greatest common divisor of p and 88?
8
Let k(p) = 0*p - 7 + 8*p + 3*p. Let f be k(5). Suppose 5*b - 96 = -3*l, 6*l - 96 = 3*l + 4*b. What is the greatest common divisor of f and l?
16
Suppose 5*g - 150 = 2*g. Calculate the greatest common divisor of g and 125.
25
Let v = 10 + -5. Suppose -22 + 92 = v*u. What is the highest common factor of u and 98?
14
Let f be (-2 + 4 - -48)*1. Let p = 71 + f. Calculate the highest common factor of p and 11.
11
Let n(f) = f**2 + 11*f - 5. Let a be n(-10). Let h(q) = -q**2 - 18*q - 5. Let w be h(a). Calculate the highest common factor of w and 20.
20
Suppose 0 = -3*y + 8 - 2. Let k be (-122)/(-10) - y/10. Suppose -4*m - 16 = -0*m, z = 3*m + 42. What is the greatest common divisor of z and k?
6
Suppose -l + 2*l - 139 = 0. Suppose 0 = -5*f + l - 39. Calculate the highest common factor of f and 5.
5
Let w = 285 - 189. Let a = 3 - -1. Suppose -4*s + a*b = -28, 65 = -s + 6*s + b. What is the highest common factor of s and w?
12
Let k(q) = -q. Let g be k(-2). Suppose -l - g*i = -1, 3*l - 5*i + 2*i - 39 = 0. What is the greatest common divisor of 72 and l?
9
Suppose 4*y - 6*y - 5*h = -7, -2*y = 2*h - 10. Let j be y/(-12) - (-29)/2. What is the highest common divisor of j and 2?
2
Suppose 6 = 2*b - 20. Let k be -1 + 0 + -1 + 119. What is the highest common divisor of k and b?
13
Suppose 3*j = -22 + 265. Calculate 